 + 45 + -1.
25
3 + 4 - ((11 - 13) + -2)
11
Calculate (-3 - (-3 + 3)) + -6 + -176 + 199.
14
What is the value of 3 + (-5 - 5) + (-24 - -24)?
-7
What is the value of (1 - 28) + (-161 - -212)?
24
Calculate -7 - -1 - (-11 + 2 + -1 - -15).
-11
What is the value of 25 - (-11 + 0 + 9) - (4 - 2)?
25
What is (36 - 0) + (371 - 399)?
8
What is (-26 - -18) + 41 + -11?
22
Evaluate -25 - (10 + -15) - (0 + (1 - 0)).
-21
Evaluate -12 + 0 + 4 - -18.
10
Evaluate 58 + -48 - (14 - (-1 + 2)).
-3
What is (28 + -28 - 13) + -3 + 3?
-13
Evaluate 5 - 3 - 1 - (16 - 11 - 12).
8
Evaluate -7 + (-34 + 27 - (-2 + -5)).
-7
Evaluate (2 - -1 - 12) + (34 - 47).
-22
7 + 0 + -11 + -2 + 17
11
Calculate 11 - (1 - -13) - (-6 - -4).
-1
Calculate 11 - (-4 - 3) - (-10 - -16).
12
What is the value of -167 + 175 + -1 + (-2 - -8)?
13
Evaluate -10 - ((0 + -18 - -15) + -4 + 1).
-4
What is the value of -21 + (-31 - -31) + 7?
-14
What is the value of (-4 - (11 + -7 + 2)) + -9?
-19
Calculate 21 - (30 - 13 - 11).
15
-4 - (-10 + -6 + 11 - -11)
-10
What is (-2 - -8) + -2 - (-74 - -75)?
3
Evaluate 7 + ((8 - 3) + 2 - 14 - 8).
-8
Evaluate (-1 - 2) + (-34 - -13 - -21).
-3
What is -16 - -22 - -4 - (15 + 1)?
-6
Evaluate 2 + (0 + -3 - -10 - 0 - 9).
0
What is the value of 0 + 7 - (13 - (15 + -2))?
7
Calculate -14 + 5 + -9 + 3 + 34.
19
What is the value of -18 + 3 - (137 - 136)?
-16
Calculate 20 + (20 - 35 - 4).
1
(-3 - (2 + 0)) + 13 + -8 + -5
-5
What is the value of -5 + (-9 - (13 - (-13 - -57)))?
17
What is -2 + (-2 - 6 - (-1 + 5 + -6))?
-8
Evaluate (0 - 3) + (-4 - (-27 - -20)).
0
Evaluate 44 + (-72 - -22) - (1 + -1 + 6).
-12
Calculate -14 - ((-12 - 8) + 22).
-16
What is 57 - 68 - ((-1 - 1) + (-3 - -2))?
-8
What is the value of 15 - (30 + (-13 - -12))?
-14
What is -12 + -12 + 25 - -14 - 12?
3
Calculate -1 - (-37 + (110 - 37)).
-37
What is the value of 13 - ((-5 - -14) + -1)?
5
What is (-30 - (-25 - -15) - -11) + 15 + 2?
8
What is the value of (33 - 6) + -4 - 35?
-12
2 + (3 - 0) + (-5 - 16) + 2
-14
Calculate -91 - -24 - -18 - -22.
-27
Evaluate -5 + (15 - (-13 - -34 - 17)).
6
Evaluate (8 + -2 - (6 - -1) - 3) + 15.
11
What is the value of (9 - (1 - -18)) + -1 + -12 + 4?
-19
5 + -2 + -10 + (6 - 1)
-2
What is -2 - -4 - ((12 - 6) + (-42 - -23))?
15
What is 10 + -3 + (1 - (23 + -2))?
-13
4 + 20 + (0 - 2) - (10 - 8)
20
Calculate (-25 - -20) + 12 + (-15 - -1) + 16.
9
What is the value of (14 - 1) + -8 + -13?
-8
What is the value of 0 - -5 - (-65 + 91 + -10)?
-11
(-2 - (3 + -3)) + -6 + 27 + -16
3
What is the value of 2 + 1 - (-1 + -10 + 10 - -5)?
-1
Evaluate (-42 - -53) + -24 + (2 - (-7 + -2)).
-2
-39 + 31 - (1 - 1)
-8
What is the value of -11 - (-17 + 25) - -33?
14
Evaluate -13 - (-11 - -3 - -1).
-6
Calculate (1 - 13) + 1 + -79 + -18 + 130.
22
5 - (-3 - (9 - (1 - 6 - -9)))
13
(-2 - 1) + (6 - (-19 - -13)) + -31
-22
What is 24 - (14 - -8) - (-3 - (3 - 2))?
6
37 - (33 - 13) - (0 + (-4 - -1))
20
What is the value of 18 + (11 - 54) + 5?
-20
Evaluate (19 - 1) + (-4 - (-5 - (-6 - 1))).
12
What is the value of 1 + (0 - (-3 - 4)) + -14 + 9?
3
Evaluate -238 - -261 - (-3 - -2).
24
Calculate -8 - (1 - 1) - (40 - 23 - 13).
-12
Calculate -23 - -5 - (3 + (-3 - 9)).
-9
What is the value of 8 - 0 - (-138 - -147)?
-1
What is (28 - 7) + (-6 - -20) + -23?
12
What is -31 + 1 + (2 - -11) - -24?
7
Calculate -3 + (4 - 6) + 19 + -4 + -2.
8
What is -7 + (2 - -1) - (16 - (-25 - -19))?
-26
Calculate (-86 - (-23 - 51)) + -1 + 23.
10
-1 + 3 - 26 - (-26 - -25)
-23
(-11 + 47 - 17) + -7
12
What is the value of (-35 - 3 - -17) + 9 - (8 + 1)?
-21
What is 2 + 1 + 5 - (-1 - -1)?
8
16 + (8 - 12) + 1
13
What is 4 + -9 - (-12 + 1) - (-11 - -28)?
-11
What is 1 - -1 - (18 + -24) - 4?
4
What is the value of -1 + 0 - 1 - (-645 + 637)?
6
6 + (33 - 51 - -20) + (-10 - 0)
-2
(53 - 7 - 13) + -11
22
15 - 20 - -17 - 19
-7
Evaluate (39 - (-38 + 48)) + 4.
33
What is (4 - -5 - 12) + 11 + -4?
4
What is the value of -8 + 7 + -9 - -8?
-2
What is 33 + -25 + -9 + -10?
-11
Calculate (0 - 1) + -3 + (-84 - -212 - 114).
10
What is the value of -28 - ((-68 - -25) + 3)?
12
Evaluate 0 + 6 + (263 - 228) - (11 - 1).
31
What is 7 + -6 + -4 + 0 + (-3 - -10)?
4
What is the value of (-29 - -16) + 22 + -23?
-14
What is (1 - (2 - (-2 + 0))) + (12411 - 12414)?
-6
What is -26 + -1 - (-14 + -21 + 24)?
-16
-1 - 33 - (272 + -301)
-5
Evaluate 3 + (-2 + -1 + -5 - -5).
0
Calculate -11 + 23 + -2 + -8.
2
Calculate -22 - (39 + -39 + -38).
16
What is the value of (-29 - -47) + (-12 - -16)?
22
What is 17 + -15 + -3 + -3 - 15 - -4?
-15
-6 + (-5 - 2) + (20 - 19) + 4
-8
Evaluate -2 + -8 + 3 - 0 - 2.
-9
What is the value of (17 - 6) + 80 + -63?
28
What is the value of 6 + (-13 - -20 - (12 + -7 - -5))?
3
-3 - 17 - 2 - 2 - -3
-21
What is 10 - 2 - (-9 - -25) - 7?
-15
What is -19 + 0 + (329 - 292)?
18
Calculate (-2 - -23) + (-39 + -16 - -61).
27
What is 20 + -7 + 12 + -21?
4
2 - 2 - (4 + -7 + 7)
-4
Evaluate 7 + -1 + (12 - 9 - (-1 - -3)).
7
Calculate -30 - (12 + -20 - 28).
6
What is (-2 - (12 + -12)) + -1 + -1?
-4
-8 + ((24 - 17) + (0 - 5) - -1)
-5
(19 - (8 - 6)) + (-12 + 25 - 9)
21
What is the value of -1 + -3 + 6 + -11 + -7?
-16
What is 3 + -3 - (-5 + 7 + -11)?
9
Calculate 2 - (5 + (-12 - (-4 + 8))) - -6.
19
What is 175 - 177 - (2 + 17)?
-21
Evaluate -15 + 15 + (-74 - -68).
-6
471 - 476 - (1 + -20)
14
Evaluate (-14 - -24) + -19 + 5.
-4
1 + (1 - (5 + 2)) + 8
3
What is the value of 5 + -8 + 15 + -10 + 6?
8
What is the value of 0 + 12 + (12 - 19) - -3?
8
(-20 - (5 - 20)) + -20 + 5 + 1
-19
Evaluate 269 + -241 + 3 + -45.
-14
(11 - 1) + -9 + 9
10
Calculate -1 + (-6 - 2) - (-20 + (2 - -11)).
-2
What is -2 + 25 + -18 + 11?
16
Calculate -10 + -6 + 1 - -16 - 27.
-26
What is -3 - (6 + (-5 - (-4 + 10 - 2)))?
0
Calculate -1 + 1 + 67 + -77.
-10
Calculate 1345 - 1329 - (-1 + 2 - -33).
-18
Evaluate (-5 - -6) + -1 + -10 + (1 - 5).
-14
Evaluate -5 + 17 + -1 + -7 + -2.
2
What is the value of 2 + 5 + (-15 - -5) + -3 - -6?
0
What is the value of -183 - -170 - (-17 - (1 + -3))?
2
What is 9 - (-3 + -49 + 38 + 1 + 4)?
18
What is -4 + 11 - 17 - (0 + -1 + -3)?
-6
(-3 - (-8 + 13)) + (-2 - -8) - -11
9
What is the value of -111 + 97 - (-20 + -1 + 0)?
7
Evaluate (6 - (3 + 6 + -2)) + -22 + 4.
-19
Evaluate -6 + -28 + 19 + -1.
-16
What is -1 + 18 - (21 + 6 + -22)?
12
Evaluate 0 + 3 + 14 + 5 + -14 + 5.
13
What is the value of (-18 - 46 - -35) + 31?
2
-2 + (-2 - -9) - (-2 + -19)
26
What is the value of -2 + -1 + -47 + 53?
3
Calculate (-1 - 5) + (231 - 219).
6
Evaluate -88 + 89 + (-2 - -12) + -13.
-2
Evaluate 10 - (-2 + 7 - -10) - 18.
-23
Calculate -9 - (2 + 7 + -5 - -7).
-20
What is the value of 20 - (33 + 23) - -27?
-9
Evaluate -19 + 29 + (-59 - -31).
-18
What is (-1 - -4) + (-1 - -10) + -36 + 34?
10
What is -1 - (-34 + 17 - -17)?
-1
Calculate 0 + 3 + (8 - 6) + -5.
0
What is the value of -3 + -3 + -15 + 1 + 43?
23
Calculate 5 - 0 - (19 + -7 + 2).
-9
17 + 10 + -30 + -5 + 1
-7
10 + -38 + 16 - (-13 - -1)
0
What is 2 - (-8 - -2 - (8 - (-1 - -4)))?
13
-6 + 1 - (-513 - -505)
3
Evaluate 11 - (-3 - -9) - (-4 + 4 + -4).
9
Calculate -2 - (8 - (7 - (-3 + 3))) - 3.
-6
Evaluate (-5 - -1) + -2 + (22 - 4) + 2.
14
Calculate 2 + 20 - 2 - (30 + (1 - 22)).
11
-12 + (10 + -7 - 7) + 7
-9
Evaluate 15 - ((-10 - -7) + 13).
5
Calculate (-18 - -14) + (-61 - -31 - (2 + -1)).
-35
Evaluate 18 + -33 - -15 - 16 - 2.
-18
What is the value of (0 - 17) + 19 + 8 + -22?
-12
What is the value of (-8 - (-10 + 11 + -8)) + -6?
-7
Evaluate (-751 - -758) + -1 + (-4 - 0) - -4.
6
What is the value of (25 + 2 - 34) + 10?
3
Calculate (11 + 0 + -4 - 7) + (12 - 32).
-20
Evaluate 8 + -3 + -6 + -9.
-10
What is the value of -8 + (-4 - (-4 + 0 - -9))?
-17
What is the value of 1 - ((-17 - -13) + 6)?
-1
Evaluate -39 - (14 + -68 + 29).
-14
36 - (6 - 0 - -24)
6
(2 + -5 - -3 - -10) + (-21 - -23)
12
What is -46 - -36 - (-5 + (7 - -14))?
-26
Calculate -1 - (3 + -6 + -8 + (-10 - -15)).
5
Evaluate -16 + (-11 - -1 - (-6 + (20 - 15))).
-25
What is 1 + (15 - 15) - (2 - -2) - -9?
6
5 - (3 + (-53 + 47 - (-11 + 1)))
-2
What is -23 - (-88 - -86 - (5 + -4 - 1))?
-21
What is (5 - (51 - 14)) + 8 - -12?
-12
What is -3 - -18 - (-7 - -9) - 8?
5
What is 105 + -111 - (-1 - -1)?
-6
25 + -11 + -13 - 22
-21
Evaluate -312 + 354 + (-21 - -1).
22
9 - 15 - (-15 - -6)
3
Evaluate 35 + -14 + 10 - 15.
16
What is the va